
What is the ten thousands digit of 38871063?
7
What is the units digit of 547699184?
4
What is the hundreds digit of 199046495?
4
What is the hundred thousands digit of 116736697?
7
What is the hundred thousands digit of 328310280?
3
What is the millions digit of 191133844?
1
What is the thousands digit of 1980781034?
1
What is the ten millions digit of 415042169?
1
What is the units digit of 5817179516?
6
What is the tens digit of 47673617?
1
What is the hundred thousands digit of 4607807851?
8
What is the tens digit of 333789017?
1
What is the hundred thousands digit of 26829195?
8
What is the billions digit of 1450471145?
1
What is the ten millions digit of 1263359365?
6
What is the ten thousands digit of 316522579?
2
What is the hundred millions digit of 127666300?
1
What is the millions digit of 124166499?
4
What is the ten millions digit of 148578511?
4
What is the ten thousands digit of 25134181?
3
What is the thousands digit of 511248342?
8
What is the hundreds digit of 824502945?
9
What is the units digit of 162384903?
3
What is the tens digit of 75904919?
1
What is the hundred millions digit of 342724722?
3
What is the tens digit of 1659909613?
1
What is the hundreds digit of 62045060?
0
What is the ten thousands digit of 706551934?
5
What is the millions digit of 150464183?
0
What is the hundreds digit of 785864658?
6
What is the ten millions digit of 96104952?
9
What is the ten thousands digit of 71937130?
3
What is the tens digit of 1131861558?
5
What is the thousands digit of 893801170?
1
What is the ten thousands digit of 93032283?
3
What is the ten thousands digit of 172239167?
3
What is the ten thousands digit of 43952788?
5
What is the units digit of 418108414?
4
What is the hundreds digit of 47811147?
1
What is the tens digit of 27493665?
6
What is the hundred millions digit of 930190719?
9
What is the hundred millions digit of 636374154?
6
What is the millions digit of 2496999795?
6
What is the tens digit of 56635925?
2
What is the units digit of 320623548?
8
What is the hundreds digit of 146993736?
7
What is the hundreds digit of 196249839?
8
What is the hundred thousands digit of 821105723?
1
What is the tens digit of 3617782128?
2
What is the thousands digit of 8656590316?
0
What is the ten millions digit of 372676787?
7
What is the units digit of 157917676?
6
What is the hundred thousands digit of 626974490?
9
What is the hundreds digit of 3743752629?
6
What is the millions digit of 967850153?
7
What is the ten millions digit of 61899226?
6
What is the units digit of 622958862?
2
What is the tens digit of 291023767?
6
What is the millions digit of 7394436256?
4
What is the units digit of 309921182?
2
What is the ten millions digit of 2111429063?
1
What is the ten thousands digit of 1106391457?
9
What is the thousands digit of 613266994?
6
What is the units digit of 128504205?
5
What is the tens digit of 171263525?
2
What is the hundred thousands digit of 5019814579?
8
What is the billions digit of 9935992083?
9
What is the tens digit of 1786425789?
8
What is the ten millions digit of 4677591982?
7
What is the hundred thousands digit of 123873853?
8
What is the thousands digit of 31079020?
9
What is the ten thousands digit of 67439478?
3
What is the ten millions digit of 49497450?
4
What is the ten thousands digit of 552573075?
7
What is the thousands digit of 114717536?
7
What is the thousands digit of 55929670?
9
What is the tens digit of 247053716?
1
What is the hundred thousands digit of 888702907?
7
What is the hundreds digit of 13747015?
0
What is the hundreds digit of 6958254936?
9
What is the ten millions digit of 67248872?
6
What is the hundred millions digit of 1094549566?
0
What is the tens digit of 254364629?
2
What is the ten millions digit of 70214023?
7
What is the hundred millions digit of 1704394115?
7
What is the thousands digit of 345329981?
9
What is the ten millions digit of 994046655?
9
What is the hundred thousands digit of 498253465?
2
What is the ten thousands digit of 169912333?
1
What is the tens digit of 2600363530?
3
What is the thousands digit of 3156684118?
4
What is the hundred thousands digit of 1910559643?
5
What is the hundred thousands digit of 28075016?
0
What is the millions digit of 1766563649?
6
What is the hundred thousands digit of 861293157?
2
What is the hundred thousands digit of 68655111?
6
What is the hundred thousands digit of 904823913?
8
What is the hundred thousands digit of 26803358?
8
What is the thousands digit of 389228010?
8
What is the tens digit of 26763822?
2
What is the thousands digit of 423216069?
6
What is the billions digit of 2558071364?
2
What is the thousands digit of 1142588493?
8
What is the units digit of 232841024?
4
What is the tens digit of 2074622141?
4
What is the tens digit of 60158598?
9
What is the thousands digit of 2406847048?
7
What is the hundred thousands digit of 10450457?
4
What is the tens digit of 168070096?
9
What is the ten thousands digit of 3978525667?
2
What is the hundred millions digit of 472280283?
4
What is the millions digit of 1023992744?
3
What is the units digit of 532047580?
0
What is the hundreds digit of 671912584?
5
What is the thousands digit of 378024268?
4
What is the units digit of 1994526395?
5
What is the ten millions digit of 317844583?
1
What is the units digit of 368667774?
4
What is the hundred thousands digit of 1435057432?
0
What is the thousands digit of 1248209256?
9
What is the hundred millions digit of 1358236456?
3
What is the millions digit of 88186594?
8
What is the hundreds digit of 478920968?
9
What is the hundred millions digit of 344060431?
3
What is the ten millions digit of 1283184726?
8
What is the ten thousands digit of 25186817?
8
What is the ten millions digit of 1301813520?
0
What is the millions digit of 23113897?
3
What is the hundreds digit of 31000568?
5
What is the units digit of 112154525?
5
What is the hundreds digit of 1254582721?
7
What is the hundred thousands digit of 419244270?
2
What is the hundred millions digit of 441155989?
4
What is the ten millions digit of 164939206?
6
What is the ten millions digit of 58290134?
5
What is the millions digit of 2569108547?
9
What is the hundreds digit of 117118299?
2
What is the ten thousands digit of 95499189?
9
What is the millions digit of 35423030?
5
What is the units digit of 1327384913?
3
What is the tens digit of 182992272?
7
What is the ten thousands digit of 92756734?
5
What is the millions digit of 46135916?
6
What is the tens digit of 1076412472?
7
What is the millions digit of 3989107912?
9
What is the hundred thousands digit of 367202050?
2
What is the units digit of 12378909?
9
What is the billions digit of 1507715681?
1
What is the thousands digit of 82945717?
5
What is the tens digit of 272574095?
9
What is the tens digit of 392469316?
1
What is the thousands digit of 929470316?
0
What is the tens digit of 1349318726?
2
What is the thousands digit of 9007016?
7
What is the hundreds digit of 208947647?
6
What is the hundreds digit of 26056834?
8
What is the tens digit of 15980838?
3
What is the ten millions digit of 575503803?
7
What is the billions digit of 6373409897?
6
What is the ten millions digit of 49227092?
4
What is the hundred millions digit of 1811312739?
8
What is the tens digit of 42815728?
2
What is the thousands digit of 303022980?
2
What is the thousands digit of 2660189504?
9
What is the ten millions digit of 279722187?
7
What is the hundred thousands digit of 116649538?
6
What is the thousands digit of 32431870?
1
What is the hundred thousands digit of 3907058826?
0
What is the millions digit of 19855508?
9
What is the hundred millions digit of 3071264250?
0
What is the hundred thousands digit of 1006061144?
0
What is the thousands digit of 4387963669?
3
What is the ten millions digit of 976520018?
7
What is the hundred millions digit of 2783904774?
7
What is the units digit of 229997317?
7
What is the units digit of 1470646389?
9
What is the tens digit of 61955676?
7
What is the ten thousands digit of 8329745?
2
What is the tens digit of 3019547793?
9
What is the units digit of 91147123?
3
What is the ten millions digit of 414389928?
1
What is the ten thousands digit of 271003586?
0
What is the tens